erivative of k**6/120 + k**5/12 + k**4/12 - k**3/6 + 4*k**2 + 6. Suppose -5*j + 4 - 29 = 0. Give y(j).
-11
Suppose -2*i = -4*u - i - 4, 4*u = 2*i. Let l be (-1)/(-2)*0/u. Let g(d) = -d**3 + d**2 - d - 2. Give g(l).
-2
Let w(f) = -f**3 - 5*f**2 + 6*f. Let a be w(-6). Let y(l) = l + 4 + a*l + 0*l. Calculate y(-5).
-1
Let v(d) be the second derivative of d**3/6 - 3*d**2/2 - 9*d. Calculate v(3).
0
Let l(r) be the first derivative of r**3/3 - r**2 + 3*r - 2. Let d(g) = g**3 + 2*g**2 - 5*g - 3. Suppose 0 = w - 0*w + 3. Let k be d(w). Determine l(k).
6
Suppose -5*b + 3*f = 28, 0 = 3*b - 2*f + 6*f + 40. Let w = -4 - b. Let x = -6 + w. Let h(t) = 2*t - 2. Give h(x).
-6
Let h(j) = 15*j**2 - 28*j**2 + 12*j**2 + j + 3. Let z be (4/10)/((-1)/(-10)). Suppose -u = z*u + 4*c, -3*c = 5*u. Determine h(u).
3
Let i(u) = -u**3 - 2*u**2 + 6*u + 4. Let q be i(-3). Let a(n) = n**3 + 4*n**2 - 5*n - 3. Determine a(q).
-3
Let k be (-1)/((-3)/(4 + -1)). Let l(s) be the first derivative of 3*s**2/2 + s + 2. Determine l(k).
4
Let n = -9 + 5. Let c(q) = 4*q**2 + 11*q - 3. Let f(m) = -3*m**2 - 10*m + 3. Let k(h) = n*c(h) - 5*f(h). What is k(3)?
6
Let s be (0 - 0)/(1 + -3). Let h be s*(-3 + 10/3). Let a(t) = h + 4*t + t - 3 + t**2 - t. Give a(-4).
-3
Let o(h) = h**3 - 11*h**2 + 9*h + 9. Suppose 0 = 3*d - 8*d + 50. Determine o(d).
-1
Let b(a) = 2*a - 4. Let k(x) = -x**3 + 8*x**2 - 6*x - 3. Let r be k(7). Give b(r).
4
Suppose -4*u - 41 = 3. Let g(p) be the second derivative of 5*p**3/6 + 7*p**2/2 + 2*p. Let c(n) = -9*n - 13. Let z(o) = u*g(o) - 6*c(o). What is z(-3)?
4
Suppose 2*y = y. Let o = 39 - 30. Suppose y*q + o = 2*m + q, 0 = -4*m + 2*q + 22. Let w(i) = i**2 - 4*i + 3. Calculate w(m).
8
Let d(k) = 3*k + 2. Let o(h) = h**3 + 7*h**2 + 2*h + 3. Let m be o(-7). Let q = 15 + m. Let c = q - 6. Give d(c).
-4
Suppose -g = 4*g + 4*v - 13, 5*v - 10 = -5*g. Let a(q) = -4*q + 2*q + 3*q + q**3 + 2*q**2 + g - 3*q**2. Calculate a(0).
5
Let m(f) = -f**3 + 3 - 6*f**2 - 3 + 5 + f**2. Calculate m(-5).
5
Let j be 8/(-36) + 112/18. Let x(f) = f**2 - 5*f + 1. Determine x(j).
7
Let v(k) = 13*k**3 - 5*k**2 + 6*k**2 - 2*k**2. What is v(1)?
12
Let q(y) be the first derivative of -y**6/360 - y**5/24 - y**4/8 + 7*y**3/3 + 8. Let p(n) be the third derivative of q(n). Let s be 3/(-2)*8/6. Give p(s).
3
Suppose -4 = -4*z - 0, -3*f = 3*z. Let x(h) be the third derivative of 3*h**4/8 + h**2. Determine x(f).
-9
Let c(m) be the first derivative of -m**5/20 - 7*m**4/12 - m**3 - 2*m**2 - m + 1. Let g(x) be the first derivative of c(x). Give g(-6).
-4
Let l = 6 + -3. Let t(b) = -5*b - 6. Let k(j) = j. Let s(f) = l*k(f) + t(f). Calculate s(-6).
6
Let v(c) = c**3 + c**2 - 3*c + 1. Let t(p) = 5*p**3 + p**2. Let f be t(1). Let n = -5 + 15. Suppose -n = o - f*o. Determine v(o).
7
Let b(o) = -o**3 + o**2 - o. Let n(k) be the first derivative of -3/2*k**2 + 2*k + k**4 + 3 - 7/3*k**3. Let x(v) = -3*b(v) - n(v). Calculate x(5).
3
Let y(v) be the third derivative of v**5/60 + v**3/6 + v**2. Let r be y(0). Let a(f) = -r - 2 + f**2 - 5. Calculate a(0).
-8
Let z be ((-21)/(-18) - 1)*2. Let i(t) be the second derivative of 0 - t + t**2 + z*t**3. What is i(-4)?
-6
Suppose 4*q - 12 = y, 3*q = 4*q + 2*y - 3. Let s = q - 2. Let i(o) = 2*o + 1. Let g(t) = -7*t - 1. Let u(r) = -g(r) - 3*i(r). Determine u(s).
-1
Let k(w) = 5*w**2 - 4*w**2 + 654*w**3 - 655*w**3 + 2. Suppose 2*r = 5*r. Determine k(r).
2
Let z(j) be the first derivative of j**2 + 2*j + 1. Let u(p) = -p**3 - 3*p**2 - 6*p - 15. Let k be u(-3). What is z(k)?
8
Let r(l) = -l**2 + 3. Let w = -32 + 56. Suppose 9 - w = -5*i. Calculate r(i).
-6
Let v(c) = c**2 - 6*c + 7. Suppose 5*t - 45 = -4*t. Give v(t).
2
Suppose -5 = -2*z + z - 4*x, 5*z - x + 38 = 0. Let h(n) = n**2 + 7*n - 4. What is h(z)?
-4
Let p = -10 + 14. Suppose -4*g + 3*u = -11, 0 = -3*g - p*u + 8*u + 10. Let c(h) = -g*h**2 + h**2 + 1 - 4*h - h**2. Calculate c(-3).
-5
Suppose -5*j = -2*j - 33. Let s = -13 + j. Let h(n) = -6*n - 2. Determine h(s).
10
Let v(k) = k**3 - k**2 - k + 1. Let q(o) = -7*o**3 + 2*o**2 + 12*o - 3. Let t(w) = -q(w) - 6*v(w). Let j be (-3 - -2) + 3 + -7. Calculate t(j).
2
Let t(v) = -v**3 + 6*v**2 - 4*v - 2. Let z(x) = x - 5. Let r be z(8). Suppose -d - 4*d - 2*u - 38 = 0, 0 = -3*u + r. Let o = d + 13. Calculate t(o).
3
Let o(b) be the third derivative of 0 - 1/4*b**4 + 1/120*b**6 - 1/2*b**3 + 0*b - b**2 + 1/12*b**5. Determine o(-6).
-3
Let g = -1 + 0. Let u(d) be the first derivative of 5*d**4/4 - 5*d**2/2 - 4*d + 4. Let k(l) = -5*l**3 + 6*l + 5. Let p(v) = -3*k(v) - 4*u(v). Give p(g).
4
Let u(b) be the third derivative of -b**4/24 + b**3/6 + b**2. Let r = 98 - 93. What is u(r)?
-4
Suppose -15*v - 8 = -13*v. Let c(t) = 2*t - 3 + t - 5*t. Determine c(v).
5
Let a(q) = 0*q + 17 - 9*q**2 - 29 + q**3 + 10*q. Determine a(8).
4
Suppose -13 = -2*p + 4*u + u, 2*u + 3 = 3*p. Let a(z) = z**2 - 3*z - 5. Let c(o) = 1. Let s be 15/5*(-4)/3. Let q(d) = p*a(d) + s*c(d). Calculate q(5).
-9
Let j(o) = 2 + 4*o - 7*o**3 - 3 - 2*o. Let v = -47 - -48. Give j(v).
-6
Suppose 5*x + 37 - 17 = 0. Let w(m) = m + 9. Give w(x).
5
Suppose -k = -5*k + 8. Let q(x) = -5*x + 3. Calculate q(k).
-7
Let y = -23 - -27. Suppose 3*a - 12 = -y*k, -2*k + 0*a = -3*a - 24. Let u(p) = p**2 - 6*p + 8. Give u(k).
8
Let c(w) = w**3 - 4*w**2 + 4*w. Let y be c(3). Suppose 0 = -y*g - g. Let k(l) = -l**3 + l - 3. What is k(g)?
-3
Let s(n) = 2*n - 1. Suppose l + 1 = 5. Suppose 0 = 3*o - l*o. Suppose o = 5*z - 18 + 3. Give s(z).
5
Let w(y) = -y - 2. Suppose -5*q + 1 = 4*h + 40, 5*h + 4*q + 42 = 0. What is w(h)?
4
Let m(q) be the third derivative of -q**5/60 + 7*q**4/24 - 7*q**3/6 - q**2 - 30*q. Determine m(7).
-7
Suppose 0 = 5*j + 2*a + 21, -a = -4*a - 9. Let l(v) = -2*v + 2. Calculate l(j).
8
Let w(i) = -2*i**3 + 1. Suppose -2*g + 0 + 8 = 0. Let t = g - 5. What is w(t)?
3
Let y(c) be the third derivative of c**6/720 + c**5/40 + c**4/24 - c**2. Let j(d) be the second derivative of y(d). Determine j(3).
6
Let g(z) = 3 - 9*z**2 + 9*z + 8*z**2 - 11. Determine g(8).
0
Let f(p) = 3 - 6*p**3 + p**2 + 1 - 5. Let a(g) = 2*g**3 + 3*g**2 - 3*g + 2. Let q be a(-3). Let w be 0*(-4)/q - 1. Give f(w).
6
Let q(m) = 2*m + 4*m**3 - 5*m**3 - 2*m + m. Let y(b) = 4*b**3 + 6*b**2 - 2*b - 2. Let u(s) = -5*q(s) - y(s). Determine u(6).
-16
Let g(a) = -3*a. Let b(l) = -4*l**3 + 2*l + 2. Let k be b(-1). Give g(k).
-12
Let r = -275 + 272. Let x(q) = 0 - 2*q**2 - 4*q - 1 - 3. Give x(r).
-10
Suppose 5*p - 10 = -4*r, 3*p - 6 = -0*r - r. Let i(o) = o**2 + o + 5*o**2 - 4*o**p + 3*o**2. Let f(z) = z - 4. Let a be f(5). Determine i(a).
6
Let u(w) be the second derivative of w**4/3 + w**2/2 - 13*w. Calculate u(-1).
5
Let f(i) = -i**3 - 4*i**2 - 3*i. Let c be f(-3). Let l = c + -3. Let v(o) = o**3 + o**2 - 3*o + 2. What is v(l)?
-7
Let g(h) = -7*h + 3*h + 14 - 7 - h**2 + 0. Let l(b) = -b**3 + 7*b**2 - 7*b. Let p be l(6). Determine g(p).
-5
Let h(x) = -9*x - 11. Let f(p) be the second derivative of 5*p**3/6 + 3*p**2 - 2*p. Let m(y) = 11*f(y) + 6*h(y). Give m(3).
3
Let y(i) be the second derivative of -i**5/20 - i**4/6 + i**3/6 - 8*i. Determine y(2).
-14
Let u(m) be the second derivative of -1/6*m**3 + 0 - 4*m - 2*m**2. Determine u(3).
-7
Suppose -3*m - 8 = d - 3*d, 0 = -m - d + 4. Let s(u) = -u - 13. Determine s(m).
-13
Let x(t) = -t**2 + t. Let f be (18/30)/((-1)/(-5)). Let a(r) = -r**3 + 4*r**2 - 3*r - 1. Let g be a(f). Let i be -3*g/6*-2. Give x(i).
-2
Let u be -2*(-7)/4*2. Let r(v) = -v + 1. Let g be r(u). Let n(q) = q**2 + 7*q + 6. Determine n(g).
0
Suppose -5*x - 4 = 1. Let k(p) = -2*p**3 + 2*p**2 - 3. Let y(o) = 4*o**3 - 5*o**2 + 7. Let v be (1/3)/((-3)/(-18)). Let m(t) = v*y(t) + 5*k(t). Determine m(x).
1
Let q(m) = 4*m - 1 + m**2 - 10 - 5*m. Suppose x = 2*g - 19, g + 4*g - 2 = -x. Let h = x - -13. What is q(h)?
-11
Let u(x) = x**2 - x. Let q = -27 - -30. What is u(q)?
6
Let l(j) = -j**3 - 9*j**2 + 2. Let q be l(-9). Let v(t) = t**2 - 4*t. Let a(n) = -n**2 + 5*n. Let s = -1 + -2. Let z(d) = s*a(d) - 4*v(d). What is z(q)?
-2
Let q(z) be the third derivative of -z**6/120 - z**5/12 - z**4/8 + z**3/2 + 57*z**2. Determine q(-5).
18
Let f(l) = l + 2. Let j be f(-2). Let r(n) = -n**2 + n + 11. Determine r(j).
11
Let n(u) = -u**3 - 4*u**2 - 2*u + 2. Let m = 2 - 2. Suppose 3*r